
What are the prime factors of 633953606?
2, 11, 13, 201511
List the prime factors of 101014707.
3, 401, 83969
List the prime factors of 3104037381.
3, 23, 44986049
List the prime factors of 702279593.
47, 14942119
List the prime factors of 123110.
2, 5, 13, 947
What are the prime factors of 65111025?
3, 5, 7, 124021
List the prime factors of 44294258.
2, 22147129
List the prime factors of 92526078.
2, 3, 15421013
List the prime factors of 4576209816.
2, 3, 113, 1687393
List the prime factors of 846605278.
2, 59, 71, 101051
What are the prime factors of 58518533?
58518533
What are the prime factors of 3073967994?
2, 3, 7541, 67939
What are the prime factors of 77762218?
2, 23, 1690483
List the prime factors of 29415578.
2, 14707789
List the prime factors of 3696020861.
13, 457, 769, 809
List the prime factors of 2006330304.
2, 3, 11, 949967
What are the prime factors of 153022435?
5, 30604487
List the prime factors of 129901165.
5, 17, 89897
List the prime factors of 303787225.
5, 7, 137, 12671
What are the prime factors of 1113253836?
2, 3, 3511, 26423
What are the prime factors of 2508367298?
2, 10243, 122443
List the prime factors of 37714770.
2, 3, 5, 419053
What are the prime factors of 41409196?
2, 10352299
What are the prime factors of 4238362650?
2, 3, 5, 17, 1662103
List the prime factors of 28848271.
37, 47, 53, 313
What are the prime factors of 5076578040?
2, 3, 5, 42304817
List the prime factors of 407442157.
43, 9475399
What are the prime factors of 46820887?
46820887
List the prime factors of 4483511735.
5, 113, 2029, 3911
List the prime factors of 1404837328.
2, 87802333
List the prime factors of 28083720.
2, 3, 5, 7, 67, 499
What are the prime factors of 3419742747?
3, 1139914249
What are the prime factors of 101991556?
2, 233, 109433
What are the prime factors of 70337278?
2, 11, 19, 191, 881
List the prime factors of 270657457.
7, 149, 259499
What are the prime factors of 1146195468?
2, 3, 11, 593, 1627
What are the prime factors of 87052588?
2, 7, 31, 100291
What are the prime factors of 2921928081?
3, 101, 9643327
What are the prime factors of 2746153442?
2, 2089, 657289
What are the prime factors of 6474844817?
7, 61, 137, 151, 733
List the prime factors of 615906457.
379, 797, 2039
List the prime factors of 80220456.
2, 3, 43, 2879
What are the prime factors of 41683422?
2, 3, 11, 17, 97, 383
What are the prime factors of 825625343?
6143, 134401
What are the prime factors of 103085979?
3, 547, 62819
What are the prime factors of 1474243655?
5, 17, 577, 30059
List the prime factors of 24411675.
3, 5, 19, 37, 463
What are the prime factors of 3424662582?
2, 3, 11, 313, 165779
List the prime factors of 14248506.
2, 3, 2374751
What are the prime factors of 47799678?
2, 3, 113, 70501
List the prime factors of 232188097.
232188097
List the prime factors of 72735824.
2, 7, 649427
What are the prime factors of 403763681?
403763681
What are the prime factors of 360604563?
3, 11, 993401
List the prime factors of 1299656604.
2, 3, 108304717
List the prime factors of 352485788.
2, 88121447
List the prime factors of 475861408.
2, 11, 31, 43609
What are the prime factors of 115321164?
2, 3, 7, 59, 23269
List the prime factors of 102021833.
102021833
List the prime factors of 829347320.
2, 5, 859, 24137
List the prime factors of 637350097.
101, 733, 8609
What are the prime factors of 156196738?
2, 2371, 32939
What are the prime factors of 34827715?
5, 13, 535811
What are the prime factors of 221060659?
23, 31, 310043
List the prime factors of 213082082.
2, 29, 83, 44263
What are the prime factors of 42287784?
2, 3, 7, 11, 467
List the prime factors of 51671682.
2, 3, 467, 683
What are the prime factors of 854651884?
2, 487, 438733
What are the prime factors of 983368822?
2, 1117, 440183
What are the prime factors of 129651067?
7, 13, 1424737
What are the prime factors of 26075393?
26075393
List the prime factors of 303483824.
2, 7, 2709677
List the prime factors of 225708756.
2, 3, 7, 13, 139, 1487
What are the prime factors of 1299977496?
2, 3, 18055243
What are the prime factors of 27049210?
2, 5, 17, 159113
List the prime factors of 473252276.
2, 7, 29, 109, 5347
List the prime factors of 27132626.
2, 31, 499, 877
What are the prime factors of 7545081?
3, 23, 43, 2543
List the prime factors of 33917987.
33917987
List the prime factors of 854016141.
3, 11, 1237, 20921
List the prime factors of 3325088798.
2, 937, 1774327
List the prime factors of 154969007.
79, 1961633
What are the prime factors of 83022115?
5, 11, 19, 53, 1499
What are the prime factors of 479315534?
2, 1151, 208217
What are the prime factors of 120081708?
2, 3, 257, 12979
What are the prime factors of 94328600?
2, 5, 109, 4327
What are the prime factors of 926921984?
2, 3620789
What are the prime factors of 5785956065?
5, 13627, 84919
What are the prime factors of 240140571?
3, 11, 7276987
What are the prime factors of 68499955?
5, 13699991
What are the prime factors of 1290673605?
3, 5, 13, 6618839
List the prime factors of 986310661.
7, 20128789
List the prime factors of 154616215.
5, 13, 2378711
What are the prime factors of 1289536397?
89, 14489173
List the prime factors of 303765508.
2, 23, 3301799
What are the prime factors of 1391375431?
1391375431
What are the prime factors of 3248130429?
3, 4357, 27611
What are the prime factors of 37866553?
1753, 21601
What are the prime factors of 57547364?
2, 7, 47, 6247
What are the prime factors of 20635349?
7, 19, 155153
What are the prime factors of 49564480?
2, 5, 7, 29, 109
What are the prime factors of 614461494?
2, 3, 367, 279047
What are the prime factors of 6425392173?
3, 2141797391
List the prime factors of 31561222.
2, 7, 11, 29, 37, 191
What are the prime factors of 632750622?
2, 3, 7, 41, 7499
What are the prime factors of 176732583?
3, 29, 2031409
List the prime factors of 168160549.
17, 9891797
What are the prime factors of 1218227228?
2, 304556807
List the prime factors of 90121741.
90121741
List the prime factors of 216551172.
2, 3, 109, 165559
List the prime factors of 99489503.
99489503
What are the prime factors of 752521129?
349, 2156221
List the prime factors of 6549494728.
2, 7, 116955263
List the prime factors of 56936834.
2, 47, 307, 1973
List the prime factors of 4543871224.
2, 101, 911, 6173
List the prime factors of 445149017.
373, 1193429
What are the prime factors of 94556355?
3, 5, 31, 43, 4729
What are the prime factors of 2543083796?
2, 11, 109, 530251
List the prime factors of 1295817740.
2, 5, 7, 491, 2693
What are the prime factors of 61030877?
29, 719, 2927
List the prime factors of 2353986053.
18199, 129347
List the prime factors of 106342344.
2, 3, 17, 283, 307
List the prime factors of 34023662.
2, 17011831
List the prime factors of 70284207.
3, 7, 3346867
What are the prime factors of 1541953687?
1541953687
List the prime factors of 633244418.
2, 23, 37, 372059
List the prime factors of 59633815.
5, 11926763
What are the prime factors of 207355591?
181, 1145611
List the prime factors of 4370013100.
2, 5, 43700131
What are the prime factors of 2059008962?
2, 1029504481
What are the prime factors of 28358480?
2, 5, 113, 3137
List the prime factors of 12209196.
2, 3, 17, 97, 617
List the prime factors of 25305489.
3, 11, 443, 577
List the prime factors of 845613783.
3, 7, 59, 75833
List the prime factors of 1153194721.
7, 19, 8670637
List the prime factors of 313004502.
2, 3, 17389139
What are the prime factors of 718836622?
2, 7, 51345473
List the prime factors of 124787972.
2, 19, 23, 71389
What are the prime factors of 1700097824?
2, 163, 325939
What are the prime factors of 86423633?
157, 550469
List the prime factors of 29644530.
2, 3, 5, 139, 7109
What are the prime factors of 1790001590?
2, 5, 13, 19, 59, 71, 173
What are the prime factors of 60815896?
2, 97, 109, 719
What are the prime factors of 269890894?
2, 7, 13, 547, 2711
List the prime factors of 1818971448.
2, 3, 7, 53, 281, 727
List the prime factors of 793090387.
113, 7018499
List the prime factors of 747780449.
13, 43, 71, 83, 227
What are the prime factors of 883297492?
2, 7, 11, 17, 168697
What are the prime factors of 372630458?
2, 186315229
What are the prime factors of 66264953?
409, 162017
List the prime